derivative of -11*n**3/3 - 5*n**2/2 + 2*n - 1. Let t(k) = 7 - 1 - 38*k**2 - 7*k + 22*k**2 - 3. Let v(p) = -7*r(p) + 5*t(p). What is v(1)?
-2
Let s(k) = k**3 - 3*k**2 - 3*k - 4. Suppose 6*c = 15 + 9. Calculate s(c).
0
Let p = 2444 + -2444. Let l(g) = 2*g**2 - 7*g - 19. Let t(k) = 3*k**2 - 11*k - 29. Let o(r) = 8*l(r) - 5*t(r). Determine o(p).
-7
Suppose -66*y = -89*y + 69. Let f(u) = 3*u - 5*u + 5 - 1 - u**2. What is f(y)?
-11
Let b(c) be the second derivative of c**4/12 + c**3/2 - 3*c**2/2 + 15*c. What is b(3)?
15
Suppose 1 + 2 = 3*r. Let l(p) = p**2 + 0*p - 1 + p + 0*p - 39*p**3 + 43*p**3. Calculate l(r).
5
Let x(m) be the first derivative of -m**2/2 + 8*m - 149. Give x(5).
3
Let m(f) = -2*f - 9. Suppose 2*z + p = 10 - 70, 0 = -p - 4. Let n = -22 - z. Suppose 4*a - n*a = 14. What is m(a)?
5
Let v(o) = -3*o - 2. Let l(y) = 8*y + 5. Let q(i) = 4*l(i) + 11*v(i). What is q(-6)?
4
Let m(t) = -t**2 + 6*t - 10. Let o be m(4). Let u be -16 + 14 + (2*-3)/o. Let r(d) = -3*d**3 + 2*d**2 - 2*d + 1. Determine r(u).
-2
Let b(j) = 3*j + 3. Let z(l) = -24*l - 23. Let s(t) = -14*b(t) - 2*z(t). Calculate s(5).
34
Suppose -s - 4*g = s - 8, -g = s - 3. Suppose 0 = z + 2 + s. Let c(y) = -y**3 - 2*y**2 + 5*y - 2. What is c(z)?
10
Let h(b) be the second derivative of -5*b**3/6 - 5*b**2/2 - 644*b. Calculate h(3).
-20
Let o(q) be the third derivative of -q**6/720 - q**5/60 + 5*q**4/12 - 25*q**2. Let x(a) be the second derivative of o(a). Calculate x(-3).
1
Let r(w) be the first derivative of w + w**2 - 1 + 5*w + 5 + w. Let d be r(-5). Let f(s) = -s. Give f(d).
3
Let g(q) = 8*q + 6. Let v(d) = 3 - 3 + 3 - 2 + d. Let l(z) = -2*g(z) + 18*v(z). Calculate l(-7).
-8
Suppose -2*v + 22 = -4*v. Let y(w) = -w**3 - 12*w**2 - 11*w + 2. Let z be y(v). Let o(b) = b**2 + 2 - 17*b**2 + 8*b**z + 10*b**2 - 6*b. Calculate o(4).
10
Let l(z) = -z**2 + z + 2. Suppose -4*r = f - 24, -2*r - 3*r = -f - 3. Let k = f + -14. Give l(k).
-4
Let m(r) be the third derivative of r**4/24 - 2*r**3/3 - 98*r**2. Give m(-7).
-11
Let o(y) be the first derivative of y**3/3 + y**2 - 2*y + 149. Calculate o(-4).
6
Let s(a) be the second derivative of a**5/10 + a**4/12 + a**3/6 - a. Let p(n) = 389*n - 1947. Let o be p(5). Calculate s(o).
-14
Let q(i) = i + 8. Let z be q(-4). Suppose -6*u = -z*u - 46. Let t = -19 + u. Let d(s) = -s**3 + 3*s**2 + 4*s + 3. Give d(t).
3
Let w(d) = 2*d**2 - 2*d - 1. Suppose -3*q + 0*q = -6. Let j be w(q). Suppose -17 = -j*f - 2. Let s(p) = p**2 - 5*p - 7. Give s(f).
-7
Let s(a) = a**3 - a**2 - 1. Let m(p) = -3*p**3 - 3*p**2 - 4. Let z(y) = m(y) + 2*s(y). Let q be 2/(3 + 17/(-5)). Give z(q).
-6
Let r(i) = -4*i**3 - 4*i**2 - 3*i - 2. Let k be (-5)/(-30)*-2 - (-14)/6. Suppose k*c + 4 = -0*n - n, -c = -5*n - 9. Determine r(n).
20
Let u(y) = -7*y + 5 - 5 + 2 + 0. Determine u(1).
-5
Let u(o) = -14*o + 76. Let i(k) = 21*k - 114. Let y(w) = -5*i(w) - 7*u(w). Calculate y(6).
-4
Let o(k) = k - 3. Let j be o(6). Let s(b) = -4*b**3 + 9*b - 7. Let a(u) = 11*u**3 - u**2 - 26*u + 20. Let r(t) = j*a(t) + 8*s(t). Determine r(4).
-4
Let p(z) = z**3 + z**2 - 2. Let b(k) = -3*k**3 - 9*k**2 - 2*k + 9. Let o(s) = b(s) + 2*p(s). Give o(-6).
-19
Let u(y) = -6 - 6*y + 16*y - 9*y - 4. Let w = -16 - -23. What is u(w)?
-3
Suppose 2*v - 3*v = -25. Suppose -v*z + 32*z = 49. Let p(o) = o - 12. Let c(d) = -1. Let f(i) = 5*c(i) - p(i). What is f(z)?
0
Let c be ((-8)/14)/(33/(-231)). Let u(z) = -z**2 + 8*z - 19. Determine u(c).
-3
Let z(w) = 14*w + 1. Let d(o) = -3*o. Let s(a) = 9*d(a) + 2*z(a). Let r = -8 - -1. Determine s(r).
-5
Let c(j) = -5*j**2 - 40*j + 25*j - 14 - 2*j**2 + 6*j**2. Give c(-14).
0
Suppose -4*w + 0*w + 94 = -3*d, -4*d - 5*w - 177 = 0. Let x = 33 + d. Let c(u) = -2*u**2 - 5*u + 6. Let k(p) = -p**2. Let l(j) = c(j) - k(j). What is l(x)?
6
Let u(a) = a**2 - 5*a + 7. Let s be 15/(-1)*(1 - 4/3). Determine u(s).
7
Let v(h) be the second derivative of -8*h + 1/6*h**3 + 0 + 5*h**2. Determine v(-6).
4
Suppose 3*q = 27 - 30, i + q = -13. Let u(m) = -m**3 - 12*m**2 - 3*m - 15. What is u(i)?
21
Let j(o) = -9*o - 4 + o**3 + 6*o**2 - 12*o - 1 + 26*o. Let a be (10 - 0) + (-5 - -2). Suppose 52 = -a*v + 17. Calculate j(v).
-5
Let p(s) = s**2 + 6*s + 4. Suppose 57 = -10*x - 13. Determine p(x).
11
Let d(k) = 3*k**3 + k - 1. Suppose 2*b = -3*b - 35. Let r(a) = a + 8. Let z be r(b). Let j be d(z). Let w(n) = 2*n - 4. What is w(j)?
2
Let s(c) be the first derivative of -3*c**2 + 11 + c + 1/3*c**3. Give s(7).
8
Suppose 2*l = r - 17, -l = 5*r - 3*l - 45. Let p(y) = y**2 - 10*y + 5. Determine p(r).
-16
Let c(u) = -21*u + 0*u**2 - 3*u**2 - u**3 + 25*u + 3. Let x = 63 - 67. Calculate c(x).
3
Let i = -24 + 24. Suppose i - 5 = -j. Suppose 3*h + j*m + 38 = 0, 4*h + m = -4*m - 44. Let r(b) = -b + 2. Determine r(h).
8
Let t = 463 - 473. Let g(d) = d**3 + 10*d**2 + 7. Determine g(t).
7
Let c(j) = j**2 - 20*j + 27. Suppose k = -s + 16, -3*s - k - 60 = -6*s. Give c(s).
8
Let l(w) = 6*w**3 - 23*w**2 + 20*w - 11. Let a = -7 - -11. Let v(y) = -2*y**3 + 8*y**2 - 7*y + 4. Let d(h) = a*l(h) + 11*v(h). Calculate d(2).
6
Suppose 14*z + 2 = 12*z. Let h(u) be the third derivative of u**5/12 - u**4/12 - u**3/6 + 28*u**2. Determine h(z).
6
Let g(v) = 2*v**2 + v - 1. Let b(p) = -8*p**2 - 47*p + 47. Let l(j) = b(j) + 5*g(j). What is l(20)?
2
Let a(f) = f**3 - 5*f**2 + 3*f + 3. Let p be 85*(-1)/(30/(-12)). Let r be p/9 - ((-24)/(-27))/(-4). Determine a(r).
-1
Let y(t) = 21*t + 7. Let i(g) = -32*g - 11. Let w(s) = -5*i(s) - 8*y(s). Give w(1).
-9
Suppose -2*v - 8 = -6*v. Suppose -a = 4*k - 23, 0 = -0*a - a - v*k + 13. Let d(y) = -a + 1 - 2*y - 3 + 1. Determine d(4).
-12
Let q(h) = -5*h + 2. Let c(d) = -26*d + 10. Let i(p) = c(p) - 4*q(p). Give i(3).
-16
Let u(n) = -4*n - 51. Let i = -1449 + 1438. Determine u(i).
-7
Let r(g) be the first derivative of g**4/4 + 5*g**3/3 + g**2/2 - g - 102. Give r(-5).
-6
Suppose 0 = -3*n + 6 - 15. Let b(h) = -h**3 + 1358 - 1358 + h - 2*h**2. Give b(n).
6
Let o(z) = 1 - 3*z - 2 + 0*z + 4*z. Suppose 0 = -3*g + 4*g - d - 7, 3*d = 4*g - 26. What is o(g)?
4
Let m(l) = 2*l + 1 - 7*l + 0 + 4*l + 3*l**2. Let n be (-11)/6 + (-13)/78. Give m(n).
15
Suppose -2*k - 18 = -4*h, -h + 5*k + 20 = -7. Let o(i) = 3*i**h + 3*i**3 - 2*i**3 - 2*i**2 + 8*i**2 + 7*i + 3. Calculate o(-8).
11
Let w(q) = -3*q + 13. Suppose -20 = 10*b - 15*b. Give w(b).
1
Let x(b) = 2*b**2 + 4*b - 1. Let n = -15 - -11. Let g = n + 10. Suppose d + g = -d. Give x(d).
5
Let r = -63 + 66. Let m(l) be the second derivative of 0 - l - 1/2*l**2 - 1/3*l**r. Calculate m(1).
-3
Suppose -t = 5*o - 17, -4*o = 5*t - 5 - 17. Let y(h) = 5*h**2 - 4 - 6*h**o + 3*h**3 + 0*h**3 + 2*h**3 + 3*h. Give y(5).
11
Let g(k) = k**3 - 5*k**2 - 4*k + 9. Let b be (56/(-364) - (-134)/26) + 1. Calculate g(b).
21
Let k(x) = 2*x**2 + x + 7*x**2 + 3 + x**3 + 11*x**2 + 3*x - 12*x**2. Give k(-8).
-29
Let p(b) = 1327*b + 8*b**2 - 2*b**3 - 1333*b - 4 + b**3. Give p(7).
3
Let t(y) = -2*y - 3. Let q be t(-5). Let h = q + -12. Let n be (-1)/h*2*-5. Let x(m) = -m**3 + 2*m. What is x(n)?
4
Let f(k) = 9*k**3 - 9*k**2 + 17*k - 19. Let y(z) = -20*z**3 + 17*z**2 - 35*z + 39. Let p(w) = 9*f(w) + 4*y(w). Determine p(12).
-3
Let f(b) = -3*b**2 + 23*b - 4. Let s be (1*-3 + -1)*-2. Let z(n) = 1706*n**2 - 1707*n**2 + 8*n + 6 - 4 - 3. Let l(o) = s*z(o) - 3*f(o). Determine l(3).
-2
Let c(l) = -19 + 59 + 2*l - 20 - 26. Let q(p) = -6*p - 8. Let w(y) = y. Let t(g) = q(g) + 4*w(g). Let x be t(-6). What is c(x)?
2
Let l(n) = -n**2 - 8*n - 1. Let q be (-1)/(2/(-4)) - 30/3. Let s be l(q). Let b(x) = -10*x**3 - 2*x - 1. Calculate b(s).
11
Let r(z) = -z**3 + 4*z**2 + 4*z + 6. Let b(p) = 2*p**3 - 4*p**2 - 5*p - 6. Let a(t) = -2*b(t) - 3*r(t). Determine a(-4).
2
Suppose 0*r = 36*r - 6*r. Let q(a) be the second derivative of -3*a**2 - 1/3*a**3 - 2*a + r. What is q(-6)?
6
Let h be (-2)/(-6) - (-2)/3. Let n(a) = -4*a**3 + a**2 - 1. What is n(h)?
-4
Let q = 858 - 866. Let w(c) = -4*c - 3. Give w(q).
29
Let t(c) be the second derivative of -c**5/20 + 2*c**4/3 - 4*c**3/3 - c**2/2 - 79*c - 1. Determine t(7).
-8
Suppose 240*c = 242*c - 54. Let m = -36 + c. Let x(v) = v**2 + 8*v - 5. Determine x(m).
4
Let w(h) = -h**2 + 6*h - 8. Let x(q) = 60*q + 786. Let i be x(-13). What is w(i)?
-8
Let m(l) = -4*l**2 - l + 2. Suppose 4*z + g +